vided by 11071?
25
Calculate the remainder when 1900843 is divided by 1071.
889
What is the remainder when 30038 is divided by 29970?
68
What is the remainder when 463809 is divided by 833?
661
Calculate the remainder when 247031 is divided by 559.
512
Calculate the remainder when 2019204 is divided by 6410.
54
What is the remainder when 11744337 is divided by 14?
3
Calculate the remainder when 2178099 is divided by 956.
331
Calculate the remainder when 258537 is divided by 16.
9
Calculate the remainder when 726041 is divided by 377.
316
What is the remainder when 732541 is divided by 89?
71
What is the remainder when 862771 is divided by 287584?
19
Calculate the remainder when 1043547 is divided by 4.
3
What is the remainder when 172183 is divided by 172158?
25
Calculate the remainder when 2110250 is divided by 150728.
58
What is the remainder when 178744 is divided by 25528?
48
What is the remainder when 1587931 is divided by 592?
187
What is the remainder when 80148 is divided by 3473?
269
Calculate the remainder when 65682 is divided by 7283.
135
What is the remainder when 43693 is divided by 4297?
723
Calculate the remainder when 2459140 is divided by 11766.
46
What is the remainder when 651726162 is divided by 3715?
3712
Calculate the remainder when 2457302 is divided by 1135.
27
Calculate the remainder when 24311 is divided by 4809.
266
Calculate the remainder when 188550 is divided by 12565.
75
What is the remainder when 12131918 is divided by 6419?
8
What is the remainder when 218151859 is divided by 72?
67
What is the remainder when 90334 is divided by 2414?
1016
Calculate the remainder when 48852 is divided by 7834.
1848
What is the remainder when 42293960 is divided by 475213?
3
What is the remainder when 8164669 is divided by 1262?
791
What is the remainder when 1839473 is divided by 612713?
1334
Calculate the remainder when 11331 is divided by 11305.
26
What is the remainder when 34405604 is divided by 47?
6
Calculate the remainder when 20897737 is divided by 20897706.
31
What is the remainder when 69062085 is divided by 4631?
4613
What is the remainder when 61632398 is divided by 122?
72
Calculate the remainder when 2717438 is divided by 388203.
17
What is the remainder when 29511988 is divided by 182?
142
Calculate the remainder when 4143577 is divided by 339.
319
Calculate the remainder when 2303926 is divided by 177224.
14
Calculate the remainder when 296117 is divided by 141.
17
What is the remainder when 31144943 is divided by 14?
11
Calculate the remainder when 113584 is divided by 3471.
2512
What is the remainder when 145949 is divided by 29184?
29
Calculate the remainder when 4471514 is divided by 4471412.
102
Calculate the remainder when 1102752 is divided by 55134.
72
What is the remainder when 2739328 is divided by 21401?
0
Calculate the remainder when 465274 is divided by 727.
721
Calculate the remainder when 929859 is divided by 9885.
669
What is the remainder when 269644 is divided by 1290?
34
What is the remainder when 1754333 is divided by 3009?
86
What is the remainder when 615840 is divided by 51319?
12
Calculate the remainder when 182901 is divided by 4571.
61
What is the remainder when 4003736 is divided by 266915?
11
What is the remainder when 19161156 is divided by 258?
12
What is the remainder when 11377704 is divided by 204?
12
What is the remainder when 256067 is divided by 11439?
4409
What is the remainder when 54418489 is divided by 87?
76
Calculate the remainder when 4962036 is divided by 177208.
212
Calculate the remainder when 92776577 is divided by 12.
5
What is the remainder when 192235 is divided by 7?
1
What is the remainder when 192348 is divided by 27301?
1241
What is the remainder when 221220 is divided by 5?
0
What is the remainder when 33519089 is divided by 55312?
17
What is the remainder when 15546049 is divided by 7773023?
3
What is the remainder when 4550735 is divided by 2222?
79
Calculate the remainder when 5736308 is divided by 6461.
5401
What is the remainder when 263065720 is divided by 684?
4
What is the remainder when 6441233 is divided by 122?
121
Calculate the remainder when 73988 is divided by 7367.
318
What is the remainder when 225906 is divided by 37630?
126
Calculate the remainder when 4912968 is divided by 919.
913
Calculate the remainder when 18514 is divided by 18019.
495
Calculate the remainder when 45280 is divided by 21530.
2220
What is the remainder when 41255755 is divided by 130?
125
What is the remainder when 2091178 is divided by 862?
828
Calculate the remainder when 243786 is divided by 18701.
673
What is the remainder when 13974 is divided by 3445?
194
What is the remainder when 1579084 is divided by 8?
4
Calculate the remainder when 64872 is divided by 867.
714
What is the remainder when 33761390 is divided by 20?
10
What is the remainder when 7367462 is divided by 104?
102
What is the remainder when 2081920 is divided by 855?
850
What is the remainder when 17612 is divided by 2886?
296
Calculate the remainder when 24459495 is divided by 1873.
1861
Calculate the remainder when 164129 is divided by 2180.
629
What is the remainder when 80627928 is divided by 14?
10
What is the remainder when 1446845696 is divided by 29?
26
What is the remainder when 1023773 is divided by 68238?
203
What is the remainder when 483370 is divided by 96106?
2840
Calculate the remainder when 4639893 is divided by 2428.
2413
Calculate the remainder when 486585 is divided by 558.
9
What is the remainder when 54006521 is divided by 140?
121
Calculate the remainder when 770526273 is divided by 4.
1
Calculate the remainder when 114593 is divided by 1013.
124
What is the remainder when 888934 is divided by 7055?
4
What is the remainder when 47109333 is divided by 5413?
5407
What is the remainder when 28099 is divided by 13868?
363
What is the remainder when 15072857 is divided by 69?
14
Calculate the remainder when 16528689 is divided by 1010.
39
What is the remainder when 158569859 is divided by 16?
3
Calculate the remainder when 11285046 is divided by 350.
346
What is the remainder when 8749329 is divided by 515?
509
Calculate the remainder when 27362613 is divided by 162.
3
Calculate the remainder when 30544691 is divided by 734.
15
Calculate the remainder when 25942 is divided by 473.
400
What is the remainder when 75393 is divided by 10608?
1137
Calculate the remainder when 150620 is divided by 37337.
1272
What is the remainder when 4062404 is divided by 3214?
3122
Calculate the remainder when 2277018 is divided by 63.
9
What is the remainder when 21513 is divided by 4287?
78
What is the remainder when 35499698 is divided by 14?
10
What is the remainder when 3189578 is divided by 3904?
10
Calculate the remainder when 7529227 is divided by 123.
28
What is the remainder when 25972185 is divided by 45?
30
Calculate the remainder when 8260048 is divided by 123.
106
What is the remainder when 16137 is divided by 2450?
1437
Calculate the remainder when 21242024 is divided by 75.
74
Calculate the remainder when 24685052 is divided by 352.
348
Calculate the remainder when 6669225 is divided by 22.
13
Calculate the remainder when 3973570 is divided by 11551.
26
Calculate the remainder when 2515992 is divided by 4091.
27
What is the remainder when 1315315 is divided by 818?
789
Calculate the remainder when 59150834 is divided by 10255.
10249
What is the remainder when 717395 is divided by 23913?
5
Calculate the remainder when 25653279 is divided by 203597.
57
Calculate the remainder when 71914 is divided by 410.
164
Calculate the remainder when 33597 is divided by 4795.
32
Calculate the remainder when 610332 is divided by 13910.
12202
Calculate the remainder when 171696 is divided by 19064.
120
Calculate the remainder when 3006099 is divided by 460.
459
Calculate the remainder when 8041723 is divided by 79.
76
What is the remainder when 10168995 is divided by 2473?
19
What is the remainder when 64570865 is divided by 80?
65
What is the remainder when 12767774 is divided by 185?
184
What is the remainder when 6293064 is divided by 58813?
73
What is the remainder when 437828 is divided by 54695?
268
Calculate the remainder when 2745665 is divided by 11.
10
What is the remainder when 431339 i